{"id":3068,"date":"2025-02-15T09:21:24","date_gmt":"2025-02-15T09:21:24","guid":{"rendered":"https:\/\/fako-rft.ch\/fako\/?page_id=3068"},"modified":"2026-02-24T19:32:26","modified_gmt":"2026-02-24T19:32:26","slug":"zipfel-zupfer","status":"publish","type":"page","link":"https:\/\/fako-rft.ch\/fako\/zipfel-zupfer\/","title":{"rendered":"Zipfel Zupfer"},"content":{"rendered":"\t\t<div data-elementor-type=\"wp-page\" data-elementor-id=\"3068\" class=\"elementor elementor-3068\" data-elementor-post-type=\"page\">\n\t\t\t\t<div class=\"elementor-element elementor-element-1bb4baa4 e-flex e-con-boxed e-con e-parent\" data-id=\"1bb4baa4\" data-element_type=\"container\" data-settings=\"{&quot;background_background&quot;:&quot;classic&quot;}\">\n\t\t\t\t\t<div class=\"e-con-inner\">\n\t\t<div class=\"elementor-element elementor-element-63318752 e-con-full e-flex e-con e-child\" data-id=\"63318752\" data-element_type=\"container\">\n\t\t\t\t<div class=\"elementor-element elementor-element-4996d7b1 elementor-widget elementor-widget-heading\" data-id=\"4996d7b1\" data-element_type=\"widget\" data-widget_type=\"heading.default\">\n\t\t\t\t<div class=\"elementor-widget-container\">\n\t\t\t\t\t<h2 class=\"elementor-heading-title elementor-size-default\">Zipfel Zupfer<\/h2>\t\t\t\t<\/div>\n\t\t\t\t<\/div>\n\t\t<div class=\"elementor-element elementor-element-611e9a63 e-con-full e-flex e-con e-child\" data-id=\"611e9a63\" data-element_type=\"container\">\n\t\t\t\t<div class=\"elementor-element elementor-element-1f0d86cf elementor-widget elementor-widget-heading\" data-id=\"1f0d86cf\" data-element_type=\"widget\" data-widget_type=\"heading.default\">\n\t\t\t\t<div class=\"elementor-widget-container\">\n\t\t\t\t\t<h2 class=\"elementor-heading-title elementor-size-default\">Wagengruppe \nZipfel Zupfer<\/h2>\t\t\t\t<\/div>\n\t\t\t\t<\/div>\n\t\t\t\t<\/div>\n\t\t\t\t<div class=\"elementor-element elementor-element-55e60e67 elementor-widget elementor-widget-text-editor\" data-id=\"55e60e67\" data-element_type=\"widget\" data-widget_type=\"text-editor.default\">\n\t\t\t\t<div class=\"elementor-widget-container\">\n\t\t\t\t\t\t\t\t\t<h5><span style=\"color: #ffff00;\">Das Fako RFT darf dieses Jahr in Zusammenarbeit mit der Wagengruppe Zipfel Zupfer einen Umzugswagen gestalten und gemeinsam an diversen Umz\u00fcgen teilnehmen.<\/span><\/h5><h5><span style=\"color: #ffff00;\">Daf\u00fcr m\u00f6chten wir uns beim Team Wagengruppe Zipfel Zupfer ganz herzlich bedanken.<\/span><\/h5>\t\t\t\t\t\t\t\t<\/div>\n\t\t\t\t<\/div>\n\t\t\t\t<div class=\"elementor-element elementor-element-5a31295 elementor-widget elementor-widget-image\" data-id=\"5a31295\" data-element_type=\"widget\" data-widget_type=\"image.default\">\n\t\t\t\t<div class=\"elementor-widget-container\">\n\t\t\t\t\t\t\t\t\t\t\t\t\t\t\t<img decoding=\"async\" src=\"https:\/\/fako-rft.ch\/fako\/wp-content\/uploads\/2025\/02\/Hauptbild.png\" title=\"Hauptbild\" alt=\"Hauptbild\" loading=\"lazy\" \/>\t\t\t\t\t\t\t\t\t\t\t\t\t\t\t<\/div>\n\t\t\t\t<\/div>\n\t\t\t\t<div class=\"elementor-element elementor-element-3411e1e4 elementor-widget elementor-widget-text-editor\" data-id=\"3411e1e4\" data-element_type=\"widget\" data-widget_type=\"text-editor.default\">\n\t\t\t\t<div class=\"elementor-widget-container\">\n\t\t\t\t\t\t\t\t\t<p><span style=\"color: #ffff00;\">Im Jahr 2024 durfte ich beim Fako-RFT an der Sh\u00f6tli &#8211; Bar aushelfen. Aus einer Schnapsidee heraus unter Freunden, haben wir einen alten Fasnachtswagen ersteigert. Bei der ersten Sitzung im 2024 haben wir in einer lustigen Runde uns f\u00fcr den Namen Zipfel &#8211; Zupfer entschieden.<\/span><\/p><p><span style=\"color: #ffff00;\">Das Fako-RFT hat mitbekommen das wir einen Wagen haben. Da sie im 2025 das 40 Jahre bestehend von Fako-RFT feiern, wurden wir angefragt ob wir zusammen die Fasnacht 2025 erleben m\u00f6chten. Da wir nicht so viele Mitglieder sind, war das gar kein Thema. Deshalb machen wir Zipfel &#8211; Zupfer und Fako-RFT dieses Jahr zusammen mit unserem Wagen die Umz\u00fcge im Rahmen von 40 Jahre Jubil\u00e4um Fako-RFT mit.<\/span><\/p><p><span style=\"color: #ffff00;\">Wir freuen uns riesig mit euch zusammen die Zeit erleben zu d\u00fcrfen und auch ganz herzlichen Dank f\u00fcr die Mithilfe beim Wagenbau\/Gestaltung.<\/span><\/p><p><a href=\"https:\/\/zipfel-zupfer.ch\/\" target=\"_blank\" rel=\"noopener\">www.zipfel-zupfer.ch<\/a><\/p>\t\t\t\t\t\t\t\t<\/div>\n\t\t\t\t<\/div>\n\t\t<div class=\"elementor-element elementor-element-1969e38 e-con-full e-flex e-con e-child\" data-id=\"1969e38\" data-element_type=\"container\">\n\t\t\t\t<div class=\"elementor-element elementor-element-2e403a0 elementor-widget elementor-widget-heading\" data-id=\"2e403a0\" data-element_type=\"widget\" data-widget_type=\"heading.default\">\n\t\t\t\t<div class=\"elementor-widget-container\">\n\t\t\t\t\t<h2 class=\"elementor-heading-title elementor-size-default\">Umzug Rorbas (ZH) 2025<\/h2>\t\t\t\t<\/div>\n\t\t\t\t<\/div>\n\t\t\t\t<div class=\"elementor-element elementor-element-fe96602 elementor-widget elementor-widget-image\" data-id=\"fe96602\" data-element_type=\"widget\" data-widget_type=\"image.default\">\n\t\t\t\t<div class=\"elementor-widget-container\">\n\t\t\t\t\t\t\t\t\t\t\t\t\t\t\t\t<a href=\"https:\/\/fako-rft.ch\/fako\/umzug-rorbas-2025\/\">\n\t\t\t\t\t\t\t<img fetchpriority=\"high\" decoding=\"async\" width=\"300\" height=\"225\" src=\"https:\/\/fako-rft.ch\/fako\/wp-content\/uploads\/2025\/03\/Umzug_Rorbas_2025-9-300x225.jpg\" class=\"attachment-medium size-medium wp-image-3569\" alt=\"\" srcset=\"https:\/\/fako-rft.ch\/fako\/wp-content\/uploads\/2025\/03\/Umzug_Rorbas_2025-9-300x225.jpg 300w, https:\/\/fako-rft.ch\/fako\/wp-content\/uploads\/2025\/03\/Umzug_Rorbas_2025-9-1024x768.jpg 1024w, https:\/\/fako-rft.ch\/fako\/wp-content\/uploads\/2025\/03\/Umzug_Rorbas_2025-9-768x576.jpg 768w, https:\/\/fako-rft.ch\/fako\/wp-content\/uploads\/2025\/03\/Umzug_Rorbas_2025-9-1536x1152.jpg 1536w, https:\/\/fako-rft.ch\/fako\/wp-content\/uploads\/2025\/03\/Umzug_Rorbas_2025-9.jpg 2048w\" sizes=\"(max-width: 300px) 100vw, 300px\" \/>\t\t\t\t\t\t\t\t<\/a>\n\t\t\t\t\t\t\t\t\t\t\t\t\t\t\t<\/div>\n\t\t\t\t<\/div>\n\t\t\t\t<div class=\"elementor-element elementor-element-19c5596 elementor-widget elementor-widget-heading\" data-id=\"19c5596\" data-element_type=\"widget\" data-widget_type=\"heading.default\">\n\t\t\t\t<div class=\"elementor-widget-container\">\n\t\t\t\t\t<h2 class=\"elementor-heading-title elementor-size-default\">23.03.2025<\/h2>\t\t\t\t<\/div>\n\t\t\t\t<\/div>\n\t\t\t\t<\/div>\n\t\t<div class=\"elementor-element elementor-element-81b4f6e e-con-full e-flex e-con e-child\" data-id=\"81b4f6e\" data-element_type=\"container\">\n\t\t\t\t<div class=\"elementor-element elementor-element-31d8af6 elementor-widget elementor-widget-heading\" data-id=\"31d8af6\" data-element_type=\"widget\" data-widget_type=\"heading.default\">\n\t\t\t\t<div class=\"elementor-widget-container\">\n\t\t\t\t\t<h2 class=\"elementor-heading-title elementor-size-default\">Umzug Winterthur (ZH) 2025<\/h2>\t\t\t\t<\/div>\n\t\t\t\t<\/div>\n\t\t\t\t<div class=\"elementor-element elementor-element-3af0871 elementor-widget elementor-widget-image\" data-id=\"3af0871\" data-element_type=\"widget\" data-widget_type=\"image.default\">\n\t\t\t\t<div class=\"elementor-widget-container\">\n\t\t\t\t\t\t\t\t\t\t\t\t\t\t\t\t<a href=\"https:\/\/fako-rft.ch\/fako\/umzug-winterthur-2025\/\">\n\t\t\t\t\t\t\t<img decoding=\"async\" width=\"300\" height=\"240\" src=\"https:\/\/fako-rft.ch\/fako\/wp-content\/uploads\/2025\/03\/Umzug_Winterthur_2025_Titel-300x240.jpg\" class=\"attachment-medium size-medium wp-image-3392\" alt=\"\" srcset=\"https:\/\/fako-rft.ch\/fako\/wp-content\/uploads\/2025\/03\/Umzug_Winterthur_2025_Titel-300x240.jpg 300w, https:\/\/fako-rft.ch\/fako\/wp-content\/uploads\/2025\/03\/Umzug_Winterthur_2025_Titel-768x614.jpg 768w, https:\/\/fako-rft.ch\/fako\/wp-content\/uploads\/2025\/03\/Umzug_Winterthur_2025_Titel.jpg 900w\" sizes=\"(max-width: 300px) 100vw, 300px\" \/>\t\t\t\t\t\t\t\t<\/a>\n\t\t\t\t\t\t\t\t\t\t\t\t\t\t\t<\/div>\n\t\t\t\t<\/div>\n\t\t\t\t<div class=\"elementor-element elementor-element-c3472d2 elementor-widget elementor-widget-heading\" data-id=\"c3472d2\" data-element_type=\"widget\" data-widget_type=\"heading.default\">\n\t\t\t\t<div class=\"elementor-widget-container\">\n\t\t\t\t\t<h2 class=\"elementor-heading-title elementor-size-default\">09.03.2025<\/h2>\t\t\t\t<\/div>\n\t\t\t\t<\/div>\n\t\t\t\t<\/div>\n\t\t<div class=\"elementor-element elementor-element-38bcb8d e-con-full e-flex e-con e-child\" data-id=\"38bcb8d\" data-element_type=\"container\">\n\t\t\t\t<div class=\"elementor-element elementor-element-4a7bdad elementor-widget elementor-widget-heading\" data-id=\"4a7bdad\" data-element_type=\"widget\" data-widget_type=\"heading.default\">\n\t\t\t\t<div class=\"elementor-widget-container\">\n\t\t\t\t\t<h2 class=\"elementor-heading-title elementor-size-default\">Umzug Bassersdorf (ZH) 2025<\/h2>\t\t\t\t<\/div>\n\t\t\t\t<\/div>\n\t\t\t\t<div class=\"elementor-element elementor-element-fc1f068 elementor-widget elementor-widget-image\" data-id=\"fc1f068\" data-element_type=\"widget\" data-widget_type=\"image.default\">\n\t\t\t\t<div class=\"elementor-widget-container\">\n\t\t\t\t\t\t\t\t\t\t\t\t\t\t\t\t<a href=\"https:\/\/fako-rft.ch\/fako\/umzug-bassersdorf-2025\/\">\n\t\t\t\t\t\t\t<img decoding=\"async\" width=\"300\" height=\"210\" src=\"https:\/\/fako-rft.ch\/fako\/wp-content\/uploads\/2025\/03\/Umzug_Bassersdorf_2025-Titel-300x210.jpg\" class=\"attachment-medium size-medium wp-image-3285\" alt=\"\" srcset=\"https:\/\/fako-rft.ch\/fako\/wp-content\/uploads\/2025\/03\/Umzug_Bassersdorf_2025-Titel-300x210.jpg 300w, https:\/\/fako-rft.ch\/fako\/wp-content\/uploads\/2025\/03\/Umzug_Bassersdorf_2025-Titel-1024x718.jpg 1024w, https:\/\/fako-rft.ch\/fako\/wp-content\/uploads\/2025\/03\/Umzug_Bassersdorf_2025-Titel-768x538.jpg 768w, https:\/\/fako-rft.ch\/fako\/wp-content\/uploads\/2025\/03\/Umzug_Bassersdorf_2025-Titel-1536x1076.jpg 1536w, https:\/\/fako-rft.ch\/fako\/wp-content\/uploads\/2025\/03\/Umzug_Bassersdorf_2025-Titel.jpg 2048w\" sizes=\"(max-width: 300px) 100vw, 300px\" \/>\t\t\t\t\t\t\t\t<\/a>\n\t\t\t\t\t\t\t\t\t\t\t\t\t\t\t<\/div>\n\t\t\t\t<\/div>\n\t\t\t\t<div class=\"elementor-element elementor-element-3bebec0 elementor-widget elementor-widget-heading\" data-id=\"3bebec0\" data-element_type=\"widget\" data-widget_type=\"heading.default\">\n\t\t\t\t<div class=\"elementor-widget-container\">\n\t\t\t\t\t<h2 class=\"elementor-heading-title elementor-size-default\">02.03.2025<\/h2>\t\t\t\t<\/div>\n\t\t\t\t<\/div>\n\t\t\t\t<\/div>\n\t\t<div class=\"elementor-element elementor-element-822849d e-con-full e-flex e-con e-child\" data-id=\"822849d\" data-element_type=\"container\">\n\t\t\t\t<div class=\"elementor-element elementor-element-cbf24ef elementor-widget elementor-widget-heading\" data-id=\"cbf24ef\" data-element_type=\"widget\" data-widget_type=\"heading.default\">\n\t\t\t\t<div class=\"elementor-widget-container\">\n\t\t\t\t\t<h2 class=\"elementor-heading-title elementor-size-default\">Nachtumzug Eschenbach (SG) 2025<\/h2>\t\t\t\t<\/div>\n\t\t\t\t<\/div>\n\t\t\t\t<div class=\"elementor-element elementor-element-54f1793 elementor-widget elementor-widget-image\" data-id=\"54f1793\" data-element_type=\"widget\" data-widget_type=\"image.default\">\n\t\t\t\t<div class=\"elementor-widget-container\">\n\t\t\t\t\t\t\t\t\t\t\t\t\t\t\t\t<a href=\"https:\/\/fako-rft.ch\/fako\/umzug-eschenbach-2025\/\">\n\t\t\t\t\t\t\t<img loading=\"lazy\" decoding=\"async\" width=\"300\" height=\"201\" src=\"https:\/\/fako-rft.ch\/fako\/wp-content\/uploads\/2025\/02\/Hauptbild-300x201.png\" class=\"attachment-medium size-medium wp-image-3105\" alt=\"\" srcset=\"https:\/\/fako-rft.ch\/fako\/wp-content\/uploads\/2025\/02\/Hauptbild-300x201.png 300w, https:\/\/fako-rft.ch\/fako\/wp-content\/uploads\/2025\/02\/Hauptbild.png 742w\" sizes=\"(max-width: 300px) 100vw, 300px\" \/>\t\t\t\t\t\t\t\t<\/a>\n\t\t\t\t\t\t\t\t\t\t\t\t\t\t\t<\/div>\n\t\t\t\t<\/div>\n\t\t\t\t<div class=\"elementor-element elementor-element-09288e8 elementor-widget elementor-widget-heading\" data-id=\"09288e8\" data-element_type=\"widget\" data-widget_type=\"heading.default\">\n\t\t\t\t<div class=\"elementor-widget-container\">\n\t\t\t\t\t<h2 class=\"elementor-heading-title elementor-size-default\">15.02.2025<\/h2>\t\t\t\t<\/div>\n\t\t\t\t<\/div>\n\t\t\t\t<\/div>\n\t\t<div class=\"elementor-element elementor-element-409ef92 e-con-full e-flex e-con e-child\" data-id=\"409ef92\" data-element_type=\"container\">\n\t\t<div class=\"elementor-element elementor-element-e1e71ff e-con-full e-flex e-con e-child\" data-id=\"e1e71ff\" data-element_type=\"container\">\n\t\t\t\t<div class=\"elementor-element elementor-element-efe49eb elementor-widget elementor-widget-image\" data-id=\"efe49eb\" data-element_type=\"widget\" data-widget_type=\"image.default\">\n\t\t\t\t<div class=\"elementor-widget-container\">\n\t\t\t\t\t\t\t\t\t\t\t\t\t\t\t<img decoding=\"async\" src=\"https:\/\/fako-rft.ch\/fako\/wp-content\/uploads\/2025\/02\/Kuh.png\" title=\"Kuh\" alt=\"Kuh\" loading=\"lazy\" \/>\t\t\t\t\t\t\t\t\t\t\t\t\t\t\t<\/div>\n\t\t\t\t<\/div>\n\t\t\t\t<\/div>\n\t\t<div class=\"elementor-element elementor-element-8c54543 e-con-full e-flex e-con e-child\" data-id=\"8c54543\" data-element_type=\"container\">\n\t\t\t\t<div class=\"elementor-element elementor-element-623c06f elementor-widget elementor-widget-text-editor\" data-id=\"623c06f\" data-element_type=\"widget\" data-widget_type=\"text-editor.default\">\n\t\t\t\t<div class=\"elementor-widget-container\">\n\t\t\t\t\t\t\t\t\t<h1><span style=\"color: #ff9900;\">Weitere Termine:<\/span><\/h1><ul><li>08.03.2026 Rorbas<\/li><\/ul>\t\t\t\t\t\t\t\t<\/div>\n\t\t\t\t<\/div>\n\t\t\t\t<\/div>\n\t\t\t\t<\/div>\n\t\t\t\t<\/div>\n\t\t\t\t\t<\/div>\n\t\t\t\t<\/div>\n\t\t\t\t<\/div>\n\t\t","protected":false},"excerpt":{"rendered":"<p>Zipfel Zupfer Wagengruppe Zipfel Zupfer Das Fako RFT darf dieses Jahr in Zusammenarbeit mit der Wagengruppe Zipfel Zupfer einen Umzugswagen gestalten und gemeinsam an diversen Umz\u00fcgen teilnehmen. Daf\u00fcr m\u00f6chten wir uns beim Team Wagengruppe Zipfel Zupfer ganz herzlich bedanken. Im Jahr 2024 durfte ich beim Fako-RFT an der Sh\u00f6tli &#8211; Bar aushelfen. Aus einer Schnapsidee [&hellip;]<\/p>\n","protected":false},"author":1,"featured_media":0,"parent":0,"menu_order":0,"comment_status":"closed","ping_status":"closed","template":"","meta":{"ocean_post_layout":"full-screen","ocean_both_sidebars_style":"","ocean_both_sidebars_content_width":0,"ocean_both_sidebars_sidebars_width":0,"ocean_sidebar":"","ocean_second_sidebar":"","ocean_disable_margins":"enable","ocean_add_body_class":"","ocean_shortcode_before_top_bar":"","ocean_shortcode_after_top_bar":"","ocean_shortcode_before_header":"","ocean_shortcode_after_header":"","ocean_has_shortcode":"","ocean_shortcode_after_title":"","ocean_shortcode_before_footer_widgets":"","ocean_shortcode_after_footer_widgets":"","ocean_shortcode_before_footer_bottom":"","ocean_shortcode_after_footer_bottom":"","ocean_display_top_bar":"off","ocean_display_header":"default","ocean_header_style":"","ocean_center_header_left_menu":"","ocean_custom_header_template":"","ocean_custom_logo":0,"ocean_custom_retina_logo":0,"ocean_custom_logo_max_width":0,"ocean_custom_logo_tablet_max_width":0,"ocean_custom_logo_mobile_max_width":0,"ocean_custom_logo_max_height":0,"ocean_custom_logo_tablet_max_height":0,"ocean_custom_logo_mobile_max_height":0,"ocean_header_custom_menu":"","ocean_menu_typo_font_family":"","ocean_menu_typo_font_subset":"","ocean_menu_typo_font_size":0,"ocean_menu_typo_font_size_tablet":0,"ocean_menu_typo_font_size_mobile":0,"ocean_menu_typo_font_size_unit":"px","ocean_menu_typo_font_weight":"","ocean_menu_typo_font_weight_tablet":"","ocean_menu_typo_font_weight_mobile":"","ocean_menu_typo_transform":"","ocean_menu_typo_transform_tablet":"","ocean_menu_typo_transform_mobile":"","ocean_menu_typo_line_height":0,"ocean_menu_typo_line_height_tablet":0,"ocean_menu_typo_line_height_mobile":0,"ocean_menu_typo_line_height_unit":"","ocean_menu_typo_spacing":0,"ocean_menu_typo_spacing_tablet":0,"ocean_menu_typo_spacing_mobile":0,"ocean_menu_typo_spacing_unit":"","ocean_menu_link_color":"","ocean_menu_link_color_hover":"","ocean_menu_link_color_active":"","ocean_menu_link_background":"","ocean_menu_link_hover_background":"","ocean_menu_link_active_background":"","ocean_menu_social_links_bg":"","ocean_menu_social_hover_links_bg":"","ocean_menu_social_links_color":"","ocean_menu_social_hover_links_color":"","ocean_disable_title":"on","ocean_disable_heading":"default","ocean_post_title":"","ocean_post_subheading":"","ocean_post_title_style":"","ocean_post_title_background_color":"","ocean_post_title_background":0,"ocean_post_title_bg_image_position":"","ocean_post_title_bg_image_attachment":"","ocean_post_title_bg_image_repeat":"","ocean_post_title_bg_image_size":"","ocean_post_title_height":0,"ocean_post_title_bg_overlay":0.5,"ocean_post_title_bg_overlay_color":"","ocean_disable_breadcrumbs":"default","ocean_breadcrumbs_color":"","ocean_breadcrumbs_separator_color":"","ocean_breadcrumbs_links_color":"","ocean_breadcrumbs_links_hover_color":"","ocean_display_footer_widgets":"off","ocean_display_footer_bottom":"off","ocean_custom_footer_template":"","footnotes":""},"class_list":["post-3068","page","type-page","status-publish","hentry","entry"],"_links":{"self":[{"href":"https:\/\/fako-rft.ch\/fako\/wp-json\/wp\/v2\/pages\/3068","targetHints":{"allow":["GET"]}}],"collection":[{"href":"https:\/\/fako-rft.ch\/fako\/wp-json\/wp\/v2\/pages"}],"about":[{"href":"https:\/\/fako-rft.ch\/fako\/wp-json\/wp\/v2\/types\/page"}],"author":[{"embeddable":true,"href":"https:\/\/fako-rft.ch\/fako\/wp-json\/wp\/v2\/users\/1"}],"replies":[{"embeddable":true,"href":"https:\/\/fako-rft.ch\/fako\/wp-json\/wp\/v2\/comments?post=3068"}],"version-history":[{"count":49,"href":"https:\/\/fako-rft.ch\/fako\/wp-json\/wp\/v2\/pages\/3068\/revisions"}],"predecessor-version":[{"id":4339,"href":"https:\/\/fako-rft.ch\/fako\/wp-json\/wp\/v2\/pages\/3068\/revisions\/4339"}],"wp:attachment":[{"href":"https:\/\/fako-rft.ch\/fako\/wp-json\/wp\/v2\/media?parent=3068"}],"curies":[{"name":"wp","href":"https:\/\/api.w.org\/{rel}","templated":true}]}}